{"id":150,"date":"2020-03-31T03:09:10","date_gmt":"2020-03-31T02:09:10","guid":{"rendered":"https:\/\/efa51.wordpress.com\/?page_id=150"},"modified":"2025-01-30T21:28:26","modified_gmt":"2025-01-30T20:28:26","slug":"nous-contacter","status":"publish","type":"page","link":"https:\/\/efa51.org\/index.php\/nous-contacter\/","title":{"rendered":"Nous contacter"},"content":{"rendered":"\n<figure class=\"wp-block-image aligncenter size-full is-resized\"><img loading=\"lazy\" decoding=\"async\" width=\"470\" height=\"400\" src=\"https:\/\/efa51.org\/wp-content\/uploads\/2024\/10\/Logo-5.jpg\" alt=\"\" class=\"wp-image-1188\" style=\"width:264px;height:auto\" srcset=\"https:\/\/efa51.org\/wp-content\/uploads\/2024\/10\/Logo-5.jpg 470w, https:\/\/efa51.org\/wp-content\/uploads\/2024\/10\/Logo-5-300x255.jpg 300w\" sizes=\"auto, (max-width: 470px) 100vw, 470px\" \/><\/figure>\n\n\n\n<div class=\"wp-block-group has-global-padding is-layout-constrained wp-block-group-is-layout-constrained\">\n<figure class=\"wp-block-table\"><table><tbody><tr><td>Laurent Gali\u00e8gue<\/td><td><a href=\"mailto:president@efa51.org\">Pr\u00e9sident<\/a><\/td><td><\/td><\/tr><tr><td>Samuel Perrin<\/td><td><a href=\"mailto:secretaire@efa51.org\">Secr\u00e9taire<\/a><\/td><td><\/td><\/tr><tr><td>Nathalie Delville<\/td><td>Secr\u00e9taire adjointe<\/td><td><\/td><\/tr><tr><td>Henriette Jager<\/td><td>Correspondante ERF<\/td><td><\/td><\/tr><tr><td>S\u00e9verine Boileau<\/td><td><a href=\"mailto:tresorier@efa51.org\">Tr\u00e9sori\u00e8re &nbsp;<\/a><\/td><td><\/td><\/tr><tr><td>Ludovic Daumont<\/td><td><a href=\"mailto:vice-president@efa51.org\">Membre du CA, resp. site internet<\/a><\/td><td><\/td><\/tr><tr><td>Ludovic Daumont<\/td><td>page facebook<\/td><td><a href=\"https:\/\/www.facebook.com\/EFA.org\/\">EFA51<\/a><\/td><\/tr><tr><td>Ligne d&rsquo;\u00e9coute nationale<\/td><td>f\u00e9d\u00e9ration EFA<\/td><td>01 40 05 57 79<\/td><\/tr><\/tbody><\/table><\/figure>\n<\/div>\n\n\n\n<p>Vous souhaitez obtenir des informations sp\u00e9cifiques, nous laisser un message, poser une question, demander un rendez-vous, signaler un probl\u00e8me technique, pour nous contacter :<\/p>\n\n\n\n<p class=\"has-text-align-center\"><a href=\"https:\/\/efa51.org\/wp-content\/uploads\/2025\/01\/EFAmodele_bulletin_2025_VF.pdf\" target=\"_blank\" rel=\"noreferrer noopener\">Vous souhaitez soutenir l&rsquo;association ?<\/a><\/p>\n\n\n\n<p class=\"has-text-align-center\"><a href=\"https:\/\/efa51.org\/index.php\/ajout-sur-la-liste-de-diffusion\/\" data-type=\"page\" data-id=\"253\" target=\"_blank\" rel=\"noreferrer noopener\">Vous souhaitez faire partie de notre liste de diffusion ?<\/a><\/p>\n\n\n\n<p class=\"has-text-align-center\">Notre page Facebook: <a href=\"https:\/\/www.facebook.com\/EFA.org\/\">https:\/\/www.facebook.com\/EFA.org\/<\/a><\/p>\n\n\n\n<p><\/p>\n","protected":false},"excerpt":{"rendered":"<p>Laurent Gali\u00e8gue Pr\u00e9sident Samuel Perrin Secr\u00e9taire Nathalie Delville Secr\u00e9taire adjointe Henriette Jager Correspondante ERF S\u00e9verine Boileau Tr\u00e9sori\u00e8re &nbsp; Ludovic Daumont Membre du CA, resp. site internet Ludovic Daumont page facebook EFA51 Ligne d&rsquo;\u00e9coute nationale f\u00e9d\u00e9ration EFA 01 40 05 57 79 Vous souhaitez obtenir des informations sp\u00e9cifiques, nous laisser un message, poser une question, demander [&hellip;]<\/p>\n","protected":false},"author":1,"featured_media":0,"parent":0,"menu_order":0,"comment_status":"closed","ping_status":"closed","template":"","meta":{"footnotes":""},"class_list":["post-150","page","type-page","status-publish","hentry"],"_links":{"self":[{"href":"https:\/\/efa51.org\/index.php\/wp-json\/wp\/v2\/pages\/150","targetHints":{"allow":["GET"]}}],"collection":[{"href":"https:\/\/efa51.org\/index.php\/wp-json\/wp\/v2\/pages"}],"about":[{"href":"https:\/\/efa51.org\/index.php\/wp-json\/wp\/v2\/types\/page"}],"author":[{"embeddable":true,"href":"https:\/\/efa51.org\/index.php\/wp-json\/wp\/v2\/users\/1"}],"replies":[{"embeddable":true,"href":"https:\/\/efa51.org\/index.php\/wp-json\/wp\/v2\/comments?post=150"}],"version-history":[{"count":5,"href":"https:\/\/efa51.org\/index.php\/wp-json\/wp\/v2\/pages\/150\/revisions"}],"predecessor-version":[{"id":1203,"href":"https:\/\/efa51.org\/index.php\/wp-json\/wp\/v2\/pages\/150\/revisions\/1203"}],"wp:attachment":[{"href":"https:\/\/efa51.org\/index.php\/wp-json\/wp\/v2\/media?parent=150"}],"curies":[{"name":"wp","href":"https:\/\/api.w.org\/{rel}","templated":true}]}}