{"id":800,"date":"2021-02-27T23:21:35","date_gmt":"2021-02-27T22:21:35","guid":{"rendered":"https:\/\/efa51.wordpress.com\/?page_id=800"},"modified":"2021-02-27T23:21:35","modified_gmt":"2021-02-27T22:21:35","slug":"les-musiques","status":"publish","type":"page","link":"https:\/\/efa51.org\/index.php\/les-musiques\/","title":{"rendered":"Les musiques"},"content":{"rendered":"\n<div class=\"wp-block-group alignwide is-layout-flow wp-block-group-is-layout-flow\"><div class=\"wp-block-group__inner-container\"><\/div><\/div>\n\n\n\n<div class=\"wp-block-columns alignwide is-layout-flex wp-container-core-columns-is-layout-28f84493 wp-block-columns-is-layout-flex\">\n<div class=\"wp-block-column is-layout-flow wp-block-column-is-layout-flow\">\n<div class=\"wp-block-columns is-layout-flex wp-container-core-columns-is-layout-28f84493 wp-block-columns-is-layout-flex\">\n<div class=\"wp-block-column is-layout-flow wp-block-column-is-layout-flow\" style=\"flex-basis:100%;\">\n<figure class=\"wp-block-image size-large\"><img loading=\"lazy\" decoding=\"async\" width=\"480\" height=\"360\" src=\"https:\/\/efa51.files.wordpress.com\/2021\/02\/vianney_beaupapa.jpg?w=480\" alt=\"\" class=\"wp-image-802\" srcset=\"https:\/\/efa51.org\/wp-content\/uploads\/2021\/02\/vianney_beaupapa.jpg 480w, https:\/\/efa51.org\/wp-content\/uploads\/2021\/02\/vianney_beaupapa-300x225.jpg 300w\" sizes=\"auto, (max-width: 480px) 100vw, 480px\" \/><\/figure>\n<\/div>\n<\/div>\n\n\n\n<h2 class=\"wp-block-heading\"><a href=\"https:\/\/www.youtube.com\/watch?v=8yOuNrT0dOw\">Vianney, Beau papa<\/a><\/h2>\n\n\n\n<div class=\"wp-block-buttons is-layout-flex wp-block-buttons-is-layout-flex\">\n<div class=\"wp-block-button is-style-outline is-style-outline--1\"><a class=\"wp-block-button__link\" href=\"https:\/\/www.google.com\/search?client=firefox-b-d&amp;q=vianney%2C+beau+papa%2C+paroles\">Paroles<\/a><\/div>\n<\/div>\n\n\n\n<p><\/p>\n<\/div>\n\n\n\n<div class=\"wp-block-column is-layout-flow wp-block-column-is-layout-flow\">\n<figure class=\"wp-block-image size-medium is-resized\"><img loading=\"lazy\" decoding=\"async\" src=\"https:\/\/efa51.files.wordpress.com\/2021\/02\/cabrel_mademoisellelaventure.jpg?w=300\" alt=\"\" class=\"wp-image-809\" width=\"373\" height=\"253\" \/><\/figure>\n\n\n\n<h2 class=\"wp-block-heading\"><a href=\"https:\/\/www.youtube.com\/watch?v=fVuPzdVfsNU\">Cabrel &#8211; Mademoiselle l&rsquo;aventure<\/a><\/h2>\n\n\n\n<div class=\"wp-block-buttons is-layout-flex wp-block-buttons-is-layout-flex\">\n<div class=\"wp-block-button is-style-outline is-style-outline--2\"><a class=\"wp-block-button__link\" href=\"https:\/\/www.google.com\/search?newwindow=1&amp;client=firefox-b-d&amp;ei=0cQ6YN_6CeTmgweayrWIBA&amp;q=Cabrel%2C+mademoiselle+l%27aventure%2C+paroles&amp;oq=Cabrel%2C+mademoiselle+l%27aventure%2C+paroles&amp;gs_lcp=Cgdnd3Mtd2l6EAMyAggAMgYIABAFEB46CAgAELEDELADOgUIABCwAzoJCAAQsAMQBxAeOgkIABCwAxAIEB46BggAEAcQHjoFCAAQzQI6BAgAEA06CAgAEA0QBRAeUNSDC1jS1Atg3tULaAJwAHgAgAGoAYgBoxeSAQQzNy40mAEAoAEBqgEHZ3dzLXdpesgBB8ABAQ&amp;sclient=gws-wiz&amp;ved=0ahUKEwifp8Lti4vvAhVk8-AKHRplDUEQ4dUDCAw&amp;uact=5\">Paroles<\/a><\/div>\n<\/div>\n<\/div>\n<\/div>\n\n\n\n<div class=\"wp-block-columns alignwide is-layout-flex wp-container-core-columns-is-layout-28f84493 wp-block-columns-is-layout-flex\">\n<div class=\"wp-block-column is-layout-flow wp-block-column-is-layout-flow\">\n<figure class=\"wp-block-image size-large\"><img loading=\"lazy\" decoding=\"async\" width=\"640\" height=\"480\" src=\"https:\/\/efa51.files.wordpress.com\/2021\/02\/sianna_coeurorphelin.jpg?w=640\" alt=\"\" class=\"wp-image-813\" srcset=\"https:\/\/efa51.org\/wp-content\/uploads\/2021\/02\/sianna_coeurorphelin.jpg 640w, https:\/\/efa51.org\/wp-content\/uploads\/2021\/02\/sianna_coeurorphelin-300x225.jpg 300w\" sizes=\"auto, (max-width: 640px) 100vw, 640px\" \/><\/figure>\n\n\n\n<h2 class=\"wp-block-heading\"><a href=\"https:\/\/www.youtube.com\/watch?v=TECflO_lgVk\">Sianna-Coeur orphelin<\/a><\/h2>\n\n\n\n<div class=\"wp-block-buttons is-layout-flex wp-block-buttons-is-layout-flex\">\n<div class=\"wp-block-button is-style-outline is-style-outline--3\"><a class=\"wp-block-button__link\" href=\"https:\/\/www.google.com\/search?q=Siann,+coeur+orphelin,+paroles&amp;source=lmns&amp;bih=730&amp;biw=1600&amp;client=firefox-b-d&amp;hl=fr&amp;sa=X&amp;ved=2ahUKEwjA7p7qkYvvAhVMYBoKHTlxAHQQ_AUoAHoECAEQAA\">Paroles<\/a><\/div>\n<\/div>\n<\/div>\n\n\n\n<div class=\"wp-block-column is-layout-flow wp-block-column-is-layout-flow\">\n<figure class=\"wp-block-image size-medium is-resized\"><img loading=\"lazy\" decoding=\"async\" src=\"https:\/\/efa51.files.wordpress.com\/2021\/02\/carmenmariavega_legrandsecret.jpg?w=300\" alt=\"\" class=\"wp-image-819\" width=\"383\" height=\"287\" srcset=\"https:\/\/efa51.org\/wp-content\/uploads\/2021\/02\/carmenmariavega_legrandsecret.jpg 480w, https:\/\/efa51.org\/wp-content\/uploads\/2021\/02\/carmenmariavega_legrandsecret-300x225.jpg 300w\" sizes=\"auto, (max-width: 383px) 100vw, 383px\" \/><\/figure>\n\n\n\n<h2 class=\"wp-block-heading\"><a href=\"https:\/\/www.youtube.com\/watch?v=B4cC_fyKPFw\">Carmen Maria Vega-Le grand secret<\/a><\/h2>\n\n\n\n<div class=\"wp-block-buttons is-layout-flex wp-block-buttons-is-layout-flex\">\n<div class=\"wp-block-button is-style-outline is-style-outline--4\"><a class=\"wp-block-button__link\" href=\"https:\/\/www.google.com\/search?client=firefox-b-d&amp;q=carmen+maria+vega%2C+le+grand+secret%2C+paroles\">Paroles<\/a><\/div>\n<\/div>\n\n\n\n<p><\/p>\n<\/div>\n<\/div>\n\n\n\n<div class=\"wp-block-columns alignwide is-layout-flex wp-container-core-columns-is-layout-28f84493 wp-block-columns-is-layout-flex\">\n<div class=\"wp-block-column is-layout-flow wp-block-column-is-layout-flow\">\n<figure class=\"wp-block-image size-medium\"><img loading=\"lazy\" decoding=\"async\" width=\"1000\" height=\"1000\" src=\"https:\/\/efa51.files.wordpress.com\/2021\/02\/sianna_netenfaispas-1.jpg?w=300\" alt=\"\" class=\"wp-image-818\" srcset=\"https:\/\/efa51.org\/wp-content\/uploads\/2021\/02\/sianna_netenfaispas-1.jpg 1000w, https:\/\/efa51.org\/wp-content\/uploads\/2021\/02\/sianna_netenfaispas-1-300x300.jpg 300w, https:\/\/efa51.org\/wp-content\/uploads\/2021\/02\/sianna_netenfaispas-1-150x150.jpg 150w, https:\/\/efa51.org\/wp-content\/uploads\/2021\/02\/sianna_netenfaispas-1-768x768.jpg 768w\" sizes=\"auto, (max-width: 1000px) 100vw, 1000px\" \/><\/figure>\n\n\n\n<h2 class=\"wp-block-heading\"><a href=\"https:\/\/www.youtube.com\/watch?v=2ebaAGA0JSc\">Sianna-Ne t&rsquo;en fais pas<\/a><\/h2>\n\n\n\n<div class=\"wp-block-buttons is-layout-flex wp-block-buttons-is-layout-flex\">\n<div class=\"wp-block-button is-style-outline is-style-outline--5\"><a class=\"wp-block-button__link\" href=\"https:\/\/www.google.com\/search?q=Siann,+coeur+orphelin,+paroles&amp;source=lmns&amp;bih=730&amp;biw=1600&amp;client=firefox-b-d&amp;hl=fr&amp;sa=X&amp;ved=https:\/\/genius.com\/Sianna-ne-ten-fais-pas-annotated\">Paroles<\/a><\/div>\n<\/div>\n<\/div>\n\n\n\n<div class=\"wp-block-column is-layout-flow wp-block-column-is-layout-flow\">\n<figure class=\"wp-block-image size-medium is-resized\"><img loading=\"lazy\" decoding=\"async\" src=\"https:\/\/efa51.files.wordpress.com\/2021\/02\/sianna_bouteillealamer.jpg?w=300\" alt=\"\" class=\"wp-image-814\" width=\"388\" height=\"217\" srcset=\"https:\/\/efa51.org\/wp-content\/uploads\/2021\/02\/sianna_bouteillealamer.jpg 1000w, https:\/\/efa51.org\/wp-content\/uploads\/2021\/02\/sianna_bouteillealamer-300x169.jpg 300w, https:\/\/efa51.org\/wp-content\/uploads\/2021\/02\/sianna_bouteillealamer-768x432.jpg 768w\" sizes=\"auto, (max-width: 388px) 100vw, 388px\" \/><\/figure>\n\n\n\n<h2 class=\"wp-block-heading\"><a href=\"https:\/\/www.youtube.com\/watch?v=h_BEIfFcvqY\">Sianna-Bouteille \u00e0 la mer<\/a><\/h2>\n\n\n\n<div class=\"wp-block-buttons is-layout-flex wp-block-buttons-is-layout-flex\">\n<div class=\"wp-block-button is-style-outline is-style-outline--6\"><a class=\"wp-block-button__link\" href=\"https:\/\/www.google.com\/search?q=Sianna,+bouteille+%C3%A0+la+mer,+paroles&amp;source=lmns&amp;bih=730&amp;biw=1600&amp;client=firefox-b-d&amp;hl=fr&amp;sa=X&amp;ved=2ahUKEwi0itiklIvvAhVKaBoKHezgAYIQ_AUoAHoECAEQAA\">Paroles<\/a><\/div>\n<\/div>\n\n\n\n<p><\/p>\n<\/div>\n<\/div>\n\n\n\n<div class=\"wp-block-columns alignwide is-layout-flex wp-container-core-columns-is-layout-28f84493 wp-block-columns-is-layout-flex\">\n<div class=\"wp-block-column is-layout-flow wp-block-column-is-layout-flow\">\n<figure class=\"wp-block-image size-medium\"><img loading=\"lazy\" decoding=\"async\" width=\"512\" height=\"410\" src=\"https:\/\/efa51.files.wordpress.com\/2021\/02\/johnnyhalliday_unjourviendra.jpg?w=300\" alt=\"\" class=\"wp-image-822\" srcset=\"https:\/\/efa51.org\/wp-content\/uploads\/2021\/02\/johnnyhalliday_unjourviendra.jpg 512w, https:\/\/efa51.org\/wp-content\/uploads\/2021\/02\/johnnyhalliday_unjourviendra-300x240.jpg 300w\" sizes=\"auto, (max-width: 512px) 100vw, 512px\" \/><\/figure>\n\n\n\n<h2 class=\"wp-block-heading\"><a href=\"https:\/\/www.youtube.com\/watch?v=vV4q2GPf8_E\">Johnny Halliday-Un jour viendra<\/a><\/h2>\n\n\n\n<div class=\"wp-block-buttons is-layout-flex wp-block-buttons-is-layout-flex\">\n<div class=\"wp-block-button is-style-outline is-style-outline--7\"><a class=\"wp-block-button__link\" href=\"https:\/\/www.google.com\/search?newwindow=1&amp;client=firefox-b-d&amp;ei=utQ6YNq_JIu7UK6qh7AB&amp;q=Johnny+Halliday%2C+un+jour+viendra%2C+paroles&amp;oq=Johnny+Halliday%2C+un+jour+viendra%2C+paroles&amp;gs_lcp=Cgdnd3Mtd2l6EAMyBAgAEA0yBggAEBYQHjIGCAAQFhAeOgoILhCwAxAKEJMCOgcIABCwAxAKOgQILhANOgYIABANEB46CAgAEAgQDRAeULsfWN4rYIwtaAFwAHgAgAFsiAHwBZIBAzkuMZgBAKABAaoBB2d3cy13aXrIAQjAAQE&amp;sclient=gws-wiz&amp;ved=0ahUKEwjahPGDm4vvAhWLHRQKHS7VARYQ4dUDCAw&amp;uact=5\">Paroles<\/a><\/div>\n<\/div>\n<\/div>\n\n\n\n<div class=\"wp-block-column is-layout-flow wp-block-column-is-layout-flow\">\n<figure class=\"wp-block-image size-medium is-resized\"><img loading=\"lazy\" decoding=\"async\" src=\"https:\/\/efa51.files.wordpress.com\/2021\/02\/wilfredlebouthillier_unpetitmorceaudemoi.jpg?w=300\" alt=\"\" class=\"wp-image-824\" width=\"325\" height=\"244\" srcset=\"https:\/\/efa51.org\/wp-content\/uploads\/2021\/02\/wilfredlebouthillier_unpetitmorceaudemoi.jpg 640w, https:\/\/efa51.org\/wp-content\/uploads\/2021\/02\/wilfredlebouthillier_unpetitmorceaudemoi-300x225.jpg 300w\" sizes=\"auto, (max-width: 325px) 100vw, 325px\" \/><\/figure>\n\n\n\n<h2 class=\"wp-block-heading\"><a href=\"https:\/\/www.youtube.com\/watch?v=faoxUQ974tc\">Wilfred Lebouthillier &#8211; Un petit morceau de moi<\/a><\/h2>\n\n\n\n<div class=\"wp-block-buttons is-layout-flex wp-block-buttons-is-layout-flex\">\n<div class=\"wp-block-button is-style-outline is-style-outline--8\"><a class=\"wp-block-button__link\" href=\"https:\/\/greatsong.net\/PAROLES-WILFRED-LE-BOUTHILLIER,UN-PETIT-MORCEAU-DE-MOI,176425.html\">Paroles<\/a><\/div>\n<\/div>\n\n\n\n<p><\/p>\n<\/div>\n<\/div>\n\n\n\n<div class=\"wp-block-columns alignwide is-layout-flex wp-container-core-columns-is-layout-28f84493 wp-block-columns-is-layout-flex\">\n<div class=\"wp-block-column is-layout-flow wp-block-column-is-layout-flow\">\n<figure class=\"wp-block-image size-medium is-resized\"><img loading=\"lazy\" decoding=\"async\" src=\"https:\/\/efa51.files.wordpress.com\/2021\/02\/lesdemenageurs_cestpasdanslapoche.jpg?w=300\" alt=\"\" class=\"wp-image-828\" width=\"384\" height=\"215\" srcset=\"https:\/\/efa51.org\/wp-content\/uploads\/2021\/02\/lesdemenageurs_cestpasdanslapoche.jpg 1280w, https:\/\/efa51.org\/wp-content\/uploads\/2021\/02\/lesdemenageurs_cestpasdanslapoche-300x169.jpg 300w, https:\/\/efa51.org\/wp-content\/uploads\/2021\/02\/lesdemenageurs_cestpasdanslapoche-1024x576.jpg 1024w, https:\/\/efa51.org\/wp-content\/uploads\/2021\/02\/lesdemenageurs_cestpasdanslapoche-768x432.jpg 768w\" sizes=\"auto, (max-width: 384px) 100vw, 384px\" \/><\/figure>\n\n\n\n<h2 class=\"wp-block-heading\"><a href=\"https:\/\/www.youtube.com\/watch?v=u8vngySruE8\">Les d\u00e9m\u00e9nageurs-C&rsquo;est pas dans la poche<\/a><\/h2>\n<\/div>\n\n\n\n<div class=\"wp-block-column is-layout-flow wp-block-column-is-layout-flow\">\n<figure class=\"wp-block-image size-medium is-resized\"><img loading=\"lazy\" decoding=\"async\" src=\"https:\/\/efa51.files.wordpress.com\/2021\/02\/wilfredlebouthillier_mariejina.jpg?w=300\" alt=\"\" class=\"wp-image-827\" width=\"325\" height=\"244\" srcset=\"https:\/\/efa51.org\/wp-content\/uploads\/2021\/02\/wilfredlebouthillier_mariejina.jpg 640w, https:\/\/efa51.org\/wp-content\/uploads\/2021\/02\/wilfredlebouthillier_mariejina-300x225.jpg 300w\" sizes=\"auto, (max-width: 325px) 100vw, 325px\" \/><\/figure>\n\n\n\n<h2 class=\"wp-block-heading\"><a href=\"https:\/\/www.youtube.com\/watch?v=faoxUQ974tchttps:\/\/www.youtube.com\/watch?v=Dg-wkxkP5WM\">Wilfred Lebouthillier &#8211; Marie Jina<\/a><\/h2>\n\n\n\n<div class=\"wp-block-buttons is-layout-flex wp-block-buttons-is-layout-flex\">\n<div class=\"wp-block-button is-style-outline is-style-outline--9\"><a class=\"wp-block-button__link\" href=\"https:\/\/www.google.com\/search?q=Marie+Jina,+paroles&amp;source=lmns&amp;bih=730&amp;biw=1600&amp;client=firefox-b-d&amp;hl=fr&amp;sa=X&amp;ved=2ahUKEwi43YKPoYvvAhVO0oUKHXFcBFQQ_AUoAHoECAEQAA\">Paroles<\/a><\/div>\n<\/div>\n\n\n\n<p><\/p>\n<\/div>\n<\/div>\n\n\n\n<div class=\"wp-block-columns alignwide is-layout-flex wp-container-core-columns-is-layout-28f84493 wp-block-columns-is-layout-flex\">\n<div class=\"wp-block-column is-layout-flow wp-block-column-is-layout-flow\">\n<figure class=\"wp-block-image size-medium is-resized\"><img loading=\"lazy\" decoding=\"async\" src=\"https:\/\/efa51.files.wordpress.com\/2021\/02\/nicolasfraissinet_notreressemblance.jpg?w=300\" alt=\"\" class=\"wp-image-831\" width=\"300\" height=\"300\" srcset=\"https:\/\/efa51.org\/wp-content\/uploads\/2021\/02\/nicolasfraissinet_notreressemblance.jpg 900w, https:\/\/efa51.org\/wp-content\/uploads\/2021\/02\/nicolasfraissinet_notreressemblance-300x300.jpg 300w, https:\/\/efa51.org\/wp-content\/uploads\/2021\/02\/nicolasfraissinet_notreressemblance-150x150.jpg 150w, https:\/\/efa51.org\/wp-content\/uploads\/2021\/02\/nicolasfraissinet_notreressemblance-768x768.jpg 768w\" sizes=\"auto, (max-width: 300px) 100vw, 300px\" \/><\/figure>\n\n\n\n<h2 class=\"wp-block-heading\"><a href=\"https:\/\/www.youtube.com\/watch?v=AXHVHOLFhrk\">Nicolas Fraissinet &#8211; Notre Ressemblance<\/a><\/h2>\n\n\n\n<div class=\"wp-block-buttons is-layout-flex wp-block-buttons-is-layout-flex\">\n<div class=\"wp-block-button is-style-outline is-style-outline--10\"><a class=\"wp-block-button__link has-primary-color has-background-background-color has-text-color has-background\" href=\"https:\/\/www.google.com\/search?newwindow=1&amp;client=firefox-b-d&amp;bih=730&amp;biw=1600&amp;hl=fr&amp;ei=H9s6YOK5H6ialwSh9KeIDQ&amp;q=nicolas+fraissinet+notre+ressemblance&amp;oq=fraissinet%2C+notre+&amp;gs_lcp=Cgdnd3Mtd2l6EAEYADIGCAAQFhAeOggIABCwAxDNAjoICAAQsQMQgwE6CwgAELEDEMcBEKMCOggILhCxAxCDAToFCAAQsQM6CAgAEMcBEKMCOgQIABBDOgQILhBDOgUILhCxAzoKCAAQxwEQrwEQQzoOCAAQsQMQgwEQxwEQrwE6AggAOggIABDHARCvAToFCC4QkwI6AgguOgQILhAKOgcIABCxAxAKOgoILhCxAxCDARAKOgoIABCxAxCDARAKOgQIABAKUIekKFiWwChgzdEoaAFwAHgAgAFNiAH6CZIBAjE5mAEAoAEBqgEHZ3dzLXdpesgBAcABAQ&amp;sclient=gws-wiz\" style=\"border-radius:12px;\">Paroles<\/a><\/div>\n<\/div>\n<\/div>\n\n\n\n<div class=\"wp-block-column is-layout-flow wp-block-column-is-layout-flow\">\n<figure class=\"wp-block-image size-medium is-resized\"><img loading=\"lazy\" decoding=\"async\" src=\"https:\/\/efa51.files.wordpress.com\/2021\/02\/gillesvigneault_madameadrienne.jpg?w=300\" alt=\"\" class=\"wp-image-832\" width=\"339\" height=\"339\" srcset=\"https:\/\/efa51.org\/wp-content\/uploads\/2021\/02\/gillesvigneault_madameadrienne.jpg 312w, https:\/\/efa51.org\/wp-content\/uploads\/2021\/02\/gillesvigneault_madameadrienne-300x300.jpg 300w, https:\/\/efa51.org\/wp-content\/uploads\/2021\/02\/gillesvigneault_madameadrienne-150x150.jpg 150w\" sizes=\"auto, (max-width: 339px) 100vw, 339px\" \/><\/figure>\n\n\n\n<h2 class=\"wp-block-heading\"><a href=\"https:\/\/www.youtube.com\/watch?v=XRQLr-WnVgI\">Gilles Vigneault &#8211; Madame Adrienne<\/a><\/h2>\n\n\n\n<div class=\"wp-block-buttons is-layout-flex wp-block-buttons-is-layout-flex\">\n<div class=\"wp-block-button is-style-outline is-style-outline--11\"><a class=\"wp-block-button__link\" href=\"https:\/\/www.google.com\/search?q=madame+adrienne+gilles+vigneault,+paroles&amp;source=lmns&amp;bih=730&amp;biw=1600&amp;client=firefox-b-d&amp;hl=fr&amp;sa=X&amp;ved=2ahUKEwj73IyxqIvvAhURwIUKHSp8DHAQ_AUoAHoECAEQAA\">Paroles<\/a><\/div>\n<\/div>\n\n\n\n<p><\/p>\n<\/div>\n<\/div>\n\n\n\n<div class=\"wp-block-columns alignwide is-layout-flex wp-container-core-columns-is-layout-28f84493 wp-block-columns-is-layout-flex\">\n<div class=\"wp-block-column is-layout-flow wp-block-column-is-layout-flow\">\n<figure class=\"wp-block-image size-medium is-resized\"><img loading=\"lazy\" decoding=\"async\" src=\"https:\/\/efa51.files.wordpress.com\/2021\/03\/cyrilpaulus_unautrenom.jpg?w=300\" alt=\"\" class=\"wp-image-838\" width=\"387\" height=\"290\" srcset=\"https:\/\/efa51.org\/wp-content\/uploads\/2021\/03\/cyrilpaulus_unautrenom.jpg 480w, https:\/\/efa51.org\/wp-content\/uploads\/2021\/03\/cyrilpaulus_unautrenom-300x225.jpg 300w\" sizes=\"auto, (max-width: 387px) 100vw, 387px\" \/><\/figure>\n\n\n\n<h2 class=\"wp-block-heading\"><a href=\"https:\/\/www.youtube.com\/watch?v=AXHVHOLFhrk\">Cyril Paulu &#8211; Un autre nom<\/a><\/h2>\n\n\n\n<div class=\"wp-block-buttons is-layout-flex wp-block-buttons-is-layout-flex\">\n<div class=\"wp-block-button is-style-outline is-style-outline--12\"><a class=\"wp-block-button__link has-primary-color has-background-background-color has-text-color has-background\" href=\"https:\/\/www.paroles.net\/cyril-paulus\/paroles-un-autre-nom\" style=\"border-radius:12px;\">Paroles<\/a><\/div>\n<\/div>\n<\/div>\n\n\n\n<div class=\"wp-block-column is-layout-flow wp-block-column-is-layout-flow\">\n<figure class=\"wp-block-image size-medium is-resized\"><img loading=\"lazy\" decoding=\"async\" src=\"https:\/\/efa51.files.wordpress.com\/2021\/03\/syrano_rubielestmoi.jpg?w=300\" alt=\"\" class=\"wp-image-840\" width=\"389\" height=\"292\" srcset=\"https:\/\/efa51.org\/wp-content\/uploads\/2021\/03\/syrano_rubielestmoi.jpg 480w, https:\/\/efa51.org\/wp-content\/uploads\/2021\/03\/syrano_rubielestmoi-300x225.jpg 300w\" sizes=\"auto, (max-width: 389px) 100vw, 389px\" \/><\/figure>\n\n\n\n<h2 class=\"wp-block-heading\"><a href=\"https:\/\/www.youtube.com\/watch?v=Y9JvSeXa-d0\">Syrano &#8211; Rubiel e(s)t moi<\/a><\/h2>\n\n\n\n<div class=\"wp-block-buttons is-layout-flex wp-block-buttons-is-layout-flex\">\n<div class=\"wp-block-button is-style-outline is-style-outline--13\"><a class=\"wp-block-button__link\" href=\"https:\/\/www.lacoccinelle.net\/1344044-syrano-rubiel-e-st-moi.html\">Paroles<\/a><\/div>\n<\/div>\n\n\n\n<p><\/p>\n<\/div>\n<\/div>\n\n\n\n<hr class=\"wp-block-separator is-style-wide\" \/>\n\n\n\n<div class=\"wp-block-group alignwide has-background\" style=\"background-color:#ffffff;\"><div class=\"wp-block-group__inner-container is-layout-flow wp-block-group-is-layout-flow\">\n<div class=\"wp-block-group is-layout-flow wp-block-group-is-layout-flow\"><div class=\"wp-block-group__inner-container\"><\/div><\/div>\n\n\n\n<p><\/p>\n<\/div><\/div>\n","protected":false},"excerpt":{"rendered":"<p>Vianney, Beau papa Cabrel &#8211; Mademoiselle l&rsquo;aventure Sianna-Coeur orphelin Carmen Maria Vega-Le grand secret Sianna-Ne t&rsquo;en fais pas Sianna-Bouteille \u00e0 la mer Johnny Halliday-Un jour viendra Wilfred Lebouthillier &#8211; Un petit morceau de moi Les d\u00e9m\u00e9nageurs-C&rsquo;est pas dans la poche Wilfred Lebouthillier &#8211; Marie Jina Nicolas Fraissinet &#8211; Notre Ressemblance Gilles Vigneault &#8211; Madame Adrienne [&hellip;]<\/p>\n","protected":false},"author":1,"featured_media":0,"parent":0,"menu_order":0,"comment_status":"closed","ping_status":"closed","template":"","meta":{"footnotes":""},"class_list":["post-800","page","type-page","status-publish","hentry"],"_links":{"self":[{"href":"https:\/\/efa51.org\/index.php\/wp-json\/wp\/v2\/pages\/800","targetHints":{"allow":["GET"]}}],"collection":[{"href":"https:\/\/efa51.org\/index.php\/wp-json\/wp\/v2\/pages"}],"about":[{"href":"https:\/\/efa51.org\/index.php\/wp-json\/wp\/v2\/types\/page"}],"author":[{"embeddable":true,"href":"https:\/\/efa51.org\/index.php\/wp-json\/wp\/v2\/users\/1"}],"replies":[{"embeddable":true,"href":"https:\/\/efa51.org\/index.php\/wp-json\/wp\/v2\/comments?post=800"}],"version-history":[{"count":0,"href":"https:\/\/efa51.org\/index.php\/wp-json\/wp\/v2\/pages\/800\/revisions"}],"wp:attachment":[{"href":"https:\/\/efa51.org\/index.php\/wp-json\/wp\/v2\/media?parent=800"}],"curies":[{"name":"wp","href":"https:\/\/api.w.org\/{rel}","templated":true}]}}